 + 2cffd?
2d000
In base 9, what is -10088 + 0?
-10088
In base 6, what is 40245 - 3?
40242
In base 4, what is 132130223 - 3?
132130220
In base 6, what is -1422 - 215?
-2041
In base 9, what is -1580 + 27?
-1552
In base 10, what is -8 + 167456?
167448
In base 15, what is -2 - -1e70b2?
1e70b0
In base 3, what is 102201222 + 1211?
102210210
In base 12, what is -3 + 60b49?
60b46
In base 2, what is -10010110111 - 1101?
-10011000100
In base 10, what is 4 + 49816?
49820
In base 14, what is -68 + 264?
1da
In base 8, what is -5647 - 12?
-5661
In base 8, what is -320255 + -7?
-320264
In base 14, what is 8a + -38d?
-303
In base 4, what is -13101 - -202303?
123202
In base 6, what is 304 - 1111?
-403
In base 2, what is -1001001 - 11110?
-1100111
In base 7, what is 23 + -24526?
-24503
In base 3, what is 101021211 + 10?
101021221
In base 11, what is 1a - -288?
2a7
In base 6, what is 155002 + 3?
155005
In base 13, what is -18 + -38?
-53
In base 5, what is 1023 - 40?
433
In base 9, what is -12447 - -36?
-12411
In base 10, what is -6674 + -51?
-6725
In base 7, what is -1 - 4556030?
-4556031
In base 3, what is -11 + -1010001000?
-1010001011
In base 11, what is -78 + 2245?
2178
In base 14, what is 590 + 143?
6d3
In base 3, what is -120101120 + -2?
-120101122
In base 16, what is -1 - -1fcfc?
1fcfb
In base 13, what is 7981b - -2?
79820
In base 5, what is -11202110 + 1?
-11202104
In base 6, what is 1543354 - -25?
1543423
In base 6, what is 1255 + -313?
542
In base 4, what is 10201012 + 10?
10201022
In base 2, what is 100101110101 + -110?
100101101111
In base 15, what is -19 - 9acd?
-9ae7
In base 11, what is 236aa44 - 0?
236aa44
In base 15, what is -7b676d + 3?
-7b676a
In base 14, what is 0 + -8741?
-8741
In base 11, what is -15 + 6193?
6179
In base 14, what is -4 - -52add?
52ad9
In base 10, what is 10 - -1644?
1654
In base 11, what is -18 - 15a837?
-15a854
In base 2, what is 10101011111 + -1110111?
10011101000
In base 8, what is 2 - -245773?
245775
In base 11, what is -a + -538?
-547
In base 3, what is 1201121 + -101202?
1022212
In base 8, what is -4 + -23270?
-23274
In base 14, what is 14c4 - 0?
14c4
In base 4, what is -322121 + -323?
-323110
In base 15, what is 0 - 296a?
-296a
In base 9, what is 1 - 177087?
-177086
In base 3, what is -11 - -20201101?
20201020
In base 5, what is 4432 + -4014?
413
In base 8, what is -5 - -1155632?
1155625
In base 14, what is 12575 - 4?
12571
In base 9, what is -157 - 336?
-504
In base 14, what is -da07 - -4?
-da03
In base 14, what is -1092 - 14?
-10a6
In base 8, what is 401411 + 0?
401411
In base 4, what is -1 - 1032130312?
-1032130313
In base 5, what is 4323034 + 113?
4323202
In base 5, what is 143213131 + 10?
143213141
In base 10, what is -38575 - 19?
-38594
In base 15, what is -5 + 9316?
9311
In base 13, what is -3 + -1013c?
-10142
In base 2, what is -110 - 110110010011?
-110110011001
In base 12, what is 2 - -584?
586
In base 2, what is 101 - 11101010010000?
-11101010001011
In base 15, what is -965a - 2a?
-9685
In base 4, what is -2 + 2022?
2020
In base 9, what is 236 - -215?
452
In base 7, what is -34006 + 11?
-33665
In base 4, what is 3221 - 221?
3000
In base 7, what is 36 + -5141?
-5102
In base 16, what is -4 + 1db2a?
1db26
In base 8, what is -216724 - -4?
-216720
In base 14, what is 337 + -60?
2b7
In base 14, what is 7169 - 9?
7160
In base 5, what is -1124 - -3132?
2003
In base 8, what is -167136 - 0?
-167136
In base 11, what is 0 + -9992?
-9992
In base 10, what is 52 + 1414?
1466
In base 7, what is -363634 - 1?
-363635
In base 10, what is 104 - 220?
-116
In base 7, what is 122 - 5106?
-4654
In base 5, what is 1401 - 230?
1121
In base 9, what is 31540 + 413?
32053
In base 16, what is 16e0 + a1?
1781
In base 6, what is -4 + 2203524?
2203520
In base 9, what is -5 - 488263?
-488268
In base 6, what is 55101 + 0?
55101
In base 9, what is 1 - 23828?
-23827
In base 7, what is -3506455 + 2?
-3506453
In base 5, what is 131222 + 4431?
141203
In base 16, what is 4 + 23e06?
23e0a
In base 11, what is 862 - -17?
879
In base 3, what is -12 + 100221001?
100220212
In base 5, what is 201 + 22244?
23000
In base 4, what is -10 + -220232002?
-220232012
In base 8, what is 30 + -22705?
-22655
In base 8, what is -66231 + 15?
-66214
In base 10, what is -213745 - 6?
-213751
In base 15, what is b + 19683?
1968e
In base 16, what is 8 - -70238?
70240
In base 16, what is aebb3 + 0?
aebb3
In base 7, what is 2 - 5454114?
-5454112
In base 7, what is 1103 - 1010?
63
In base 16, what is -33 + -ad?
-e0
In base 6, what is -5450 + 1513?
-3533
In base 7, what is 421511 + 0?
421511
In base 4, what is 10110230320 - -1?
10110230321
In base 15, what is -41b - e?
-42a
In base 2, what is 1110 - -1001011011100?
1001011101010
In base 4, what is -101 - 22312110?
-22312211
In base 14, what is -8 + d?
5
In base 3, what is 22002120 + 221?
22010111
In base 9, what is 11716 - -114?
11831
In base 2, what is 10111110011110101101011 + 1?
10111110011110101101100
In base 15, what is -a1155 + 0?
-a1155
In base 14, what is dacc + 4?
dad2
In base 10, what is -12752 - -2?
-12750
In base 15, what is -5 - -b63a?
b635
In base 3, what is 1121120 - -2010?
1200200
In base 3, what is -22122220202 - -12?
-22122220120
In base 11, what is 72 - 344?
-282
In base 6, what is 3414015 + 10?
3414025
In base 15, what is -21823 + 7?
-2181b
In base 6, what is 143 - 33110?
-32523
In base 6, what is 35 + 23431?
23510
In base 13, what is -3193a1 - 4?
-3193a5
In base 4, what is 10120 - 1003?
3111
In base 9, what is -60462 + -4?
-60466
In base 4, what is -20 + -3220211?
-3220231
In base 9, what is 1014 - -63?
1077
In base 6, what is 4155501 + 0?
4155501
In base 12, what is -12a07 + 5?
-12a02
In base 14, what is 46b482 + 1?
46b483
In base 15, what is bc - -3e?
10b
In base 16, what is 2 + 1d0?
1d2
In base 2, what is -110111100011111101111 + 11?
-110111100011111101100
In base 6, what is -1 + 1534200?
1534155
In base 16, what is 1d - 160?
-143
In base 7, what is -236354 - 10?
-236364
In base 11, what is 1665619 - 0?
1665619
In base 10, what is 0 - -12242?
12242
In base 5, what is -1111 + -223?
-1334
In base 5, what is -222130 - -10?
-222120
In base 10, what is -65 + 9096?
9031
In base 16, what is -3 - -1237?
1234
In base 16, what is -25 + 89c?
877
In base 15, what is -2b8 - -11?
-2a7
In base 2, what is -11011011111 - -101011?
-11010110100
In base 12, what is 5321 + 291?
55b2
In base 4, what is 10112032 - 1?
10112031
In base 9, what is 8802 + -15?
8776
In base 15, what is 5 - -73c96?
73c9b
In base 7, what is 11 + -61244?
-61233
In base 14, what is 1c7c9 - 2?
1c7c7
In base 4, what is -3 + 12332223?
12332220
In base 6, what is -35043 + -2?
-35045
In base 4, what is -10332003122 - -10?
-10332003112
In base 13, what is -3 + -5790a?
-57910
In base 11, what is 4 + 32172a?
321733
In base 16, what is -1fd + fc?
-101
In base 11, what is 15 + -8925?
-8910
In base 13, what is -115b + a?
-1151
In base 12, what is 47 + 1b?
66
In base 16, what is 17 - -daf5?
db0c
In base 6, what is 1202 - -103420?
105022
In base 6, what is 514324 - 3?
514321
In base 8, what is 2452 - 244?
2206
In base 2, what is 110 + 1000001000101?
1000001001011
In base 14, what is 1bb8 - -56?
1c30
In base 7, what is 0 + -3563506?
-3563506
In base 14, what is 8 + a7?
b1
In base 6, what is -5013553 - -5?
-5013544
In base 13, what is -814c + -24?
-8173
In base 13, what is -27 + 205c?
2035
In base 12, what is -923 + -13?
-936
In base 9, what is -47 + 2707?
2650
In base 6, what is 10124 + -1344?
4340
In base 3, what is 2121 + -2101122?
-2022001
In base 6, what is -43141 + -2024?
-45205
In base 6, what is -2413 - 1025?
-3442
In base 10, what is -1 + 752188?
752187
In base 15, what is 60a6 + 17?
60bd
In base 6, what is 451145 - 1?
451144
In base 8, what is 2740544 - 4?
2740540
In base 2, what is -10 + 11001011100011110?
11001011100011100
In base 14, what is 131c - 62?
129a
In base 5, what is -14 + -1421300?
-1421314
In base 3, what is -1020221112121 + 10?
-1020221112111
In base 8, what is -1 - 124515?
-124516
In base 11, what is -7 - 32681?
-32688
In base 14, what is -b5 + a6?
-d
In base 4, what is 12 + -131021323?
-131021311
In base 13, what is 54c9 + -4c?
547a
In base 16, what is -3a54 - 6?
-3a5a
In base 5, what is -2 - 22432023?
-22432030
In base 5, what is -103